(f) be the second derivative of -4/3*f**3 + 0 - u*f - 7/12*f**4 + 3/2*f**2 + 1/20*f**5. Give w(8).
3
Let j(s) = s**3 - 5*s**2 + 2*s - 6. Let f(t) = -7*t**3 + 2*t**2 - 1. Let z be f(-1). Suppose -z*w + 13*w = 5. Let p be w*4 + 0/(-4). What is j(p)?
-14
Let n(t) = 7*t - 47. Let u be n(9). Suppose u*w = 11*w - 30. Let k be 2 - w*(-4)/(-6). Let b(j) = -j**3 + 7*j**2 - 8*j + 7. Give b(k).
-5
Let l(h) be the third derivative of h**5/60 + 17*h**4/12 - 5*h**3 - 241*h**2. What is l(-35)?
5
Let w(m) = -5*m**2 + 58*m - 48. Let t(g) = -5*g + 4. Let x(r) = -12*t(r) - w(r). Give x(-4).
72
Let v(r) = -81*r**3 - r**2 + r - 1. Let t = -17202 - -17203. Give v(t).
-82
Suppose 4*z - 2*q = 0, 0 = 2*z - 23*q + 19*q. Let x(d) = -d**2 + 3*d - 8. Determine x(z).
-8
Let n(g) = g + 11. Let f(a) = -67*a + 86. Let y(o) = 21*o - 28. Let w(l) = 2*f(l) + 7*y(l). Let i be w(1). Determine n(i).
0
Suppose 1397*q - 1393*q - 2*v - 8 = 0, -5*q = 2*v - 73. Let m(y) = -4*y**2 + 13*y - 8 + 3*y**2 - 3*y. Determine m(q).
1
Let m be 24/30*(-15)/(-6). Suppose -3*i + 1 = 2*u - 0, -m*i - 6 = 3*u. Let l(w) = -3*w + 2. What is l(u)?
14
Let p(t) = t - 3. Let l be 2/4 + (-7)/(-28)*26. Suppose 6*j - 31 = -l. Give p(j).
1
Let r(x) = -x**3 + 2*x**2 + x. Let m be r(-2). Let v(s) = -3*s + 13 + 6 - m + 4*s. Let o = 4 + -8. What is v(o)?
1
Suppose 4*m - 8 = 0, 0*m + 10 = 3*c + 5*m. Let t be 10 + -3 + 6/(-3). Suppose -2*w - 2*w = 2*x - 4, c = -t*x - 2*w - 22. Let f(z) = z + 7. Calculate f(x).
1
Let z(l) = -l - 1. Let h = 61 + -60. Suppose -h + 4 = 3*p. Let i be 1*9*p/3. Determine z(i).
-4
Suppose 5*c + 395 = 5*s, 0 = c - 1 + 4. Let a(b) = 2 - 8*b**2 - 70*b - s*b + 144*b. Calculate a(-2).
-26
Suppose -5*b + z = -4*z - 40, 5*z + 37 = 4*b. Suppose -2*q - 11 = 3*f, 29*f + 8 = 33*f - b*q. Let j(v) = -30*v + 1. Determine j(f).
31
Let v(l) = -2*l + l + 33 - 31 + 5*l. Let m = 27 - 18. Let u be 12*8/(-54) + (-2)/m. What is v(u)?
-6
Let g(a) be the third derivative of a**4/24 + a**3/6 + 137*a**2. Let x = -30 - -30. What is g(x)?
1
Let k(i) be the first derivative of -i**5/20 - i**4/2 - i**3/3 + 3*i**2/2 - 43*i + 25. Let g(l) be the first derivative of k(l). Calculate g(-5).
-12
Let s(o) = -o**2 + 28*o - 94. Let c(h) = h**2 - 24*h + 79. Let w(g) = 6*c(g) + 5*s(g). Let r = -1 - -4. Let d be w(r). Let x(q) = 4*q. Determine x(d).
4
Let l(a) = 22*a + 94. Let i(x) = 54*x + 232. Let d(u) = 5*i(u) - 12*l(u). What is d(-6)?
-4
Suppose 0 = -2*l + 57 - 15. Let o = -53 - -74. Let h = l - o. Let d(b) = b - 10. Calculate d(h).
-10
Let u(i) = -26 - 6*i - 2*i**2 + 5*i**3 + 31 - 4*i**3. Let f(w) = -w - 1. Let j be f(-5). Give u(j).
13
Let p(r) = 37*r**2 + 23*r - 75. Let a(v) = -20*v**2 - 13*v + 41. Let k(f) = 11*a(f) + 6*p(f). Calculate k(3).
4
Let v(u) = -u**2 + 5*u. Let l = -42 + 41. Let a be 6*l + (8 - -6). Give v(a).
-24
Let w(r) be the first derivative of -4*r**2 - 17*r - 13. Let x be w(-2). Let v(j) = -7*j**3 + j. What is v(x)?
6
Let a(z) = z**3 - 7*z**2 - z + 10. Let h be ((-7)/2)/(((-350)/(-28))/(-25)). Calculate a(h).
3
Let z(c) be the first derivative of c**4/4 + 3*c**3 + 9*c**2/2 - 7*c - 7373. Calculate z(-8).
-15
Let g(w) = 2182 - 4410 + 2181 + 18*w. Calculate g(3).
7
Let v(d) = -19*d - 345. Let t be v(-19). Let i(b) = b**3 - 15*b**2 - 17*b + 5. Give i(t).
-11
Let o(t) = -4*t + 5. Let x be ((-3)/(-1))/(3/4). Suppose 5*a = l - 0*a - 23, x*l - 5*a - 17 = 0. Let j be (2/8)/(l/(-32)). Calculate o(j).
-11
Let c(p) = -p**3 - 8*p**2 - 5*p + 7. Let q(l) = l + 1. Let v be q(6). Suppose 0 = d + v + 12. Let j = d + 12. Calculate c(j).
-7
Let h(r) be the first derivative of -9*r**2 - r + 3488. Let v(i) = i**3 - 4*i**2 + 2. Let s be v(4). What is h(s)?
-37
Let k(r) be the second derivative of r**4/12 - 2*r**3/3 + 3*r**2 - 317*r. Determine k(2).
2
Let c(r) = -45*r + 44. Let s(m) = -6*m - 503. Let q be s(-84). Calculate c(q).
-1
Let s(n) = n + 18. Let i(c) = -196*c - 1751. Let l be i(-9). Give s(l).
31
Let n(z) = -z + 10. Suppose 2*u - 42 = -4*u. Let x be n(u). Let i(h) be the third derivative of h**5/60 - h**4/12 + 1084*h**2. Give i(x).
3
Let p(d) = -4*d**2 + 6*d + 6. Suppose 49*q - 14 = 10 - 24. Determine p(q).
6
Suppose 0 = 4*x + 3*d + 2*d - 61, 2*d - 19 = -x. Let s(g) be the third derivative of g**5/60 - 3*g**4/8 - 5*g**3/3 - 3555*g**2. Determine s(x).
-10
Let s be -1305 - (-7 - (12/(-2) + 5)). Let x = s + 1306. Let o(z) be the third derivative of -z**6/120 + 2*z**5/15 - z**4/3 + 3*z**3/2 - z**2. Give o(x).
2
Let f(x) = x + 3. Let q(a) be the first derivative of -13*a**2/2 + 6*a + 21. Let i be q(-3). Let r be (4/3)/(((-50)/i)/5). What is f(r)?
-3
Let y be (-11 - -12 - -1)*-1. Let b(r) = 9*r + 32. Calculate b(y).
14
Let s(q) be the first derivative of 3*q**2/2 - 31*q - 1817. Give s(3).
-22
Let q(w) = 26 - 10*w - 4*w + w - w + 10*w - w**2. Give q(-7).
5
Let w(i) be the first derivative of 234 + 366 - 11*i**2 - 476. Determine w(1).
-22
Suppose -4*z + 5*f + 14 = 7, -6*z + 5*f = 7. Let p(v) = -v**3 - 9*v**2 - 5*v - 12. Determine p(z).
-75
Let d(x) be the third derivative of 1/3*x**3 + 5/24*x**4 + 0*x**5 + 0 + 1/360*x**6 + 0*x - 13*x**2. Let n(m) be the first derivative of d(m). Calculate n(0).
5
Suppose r - 2*s + 2 = 0, 0*r - 4*r + 2*s + 4 = 0. Let q(x) = -5*x - r + 26 - 16 + 6*x. Determine q(-12).
-4
Let m = -45 + 45. Suppose -4*o + 3*v = -3*o + 9, 23 = 5*o + 2*v. Let l be m + o/(-1) - 18/9. Let a(i) = -i - 6. Calculate a(l).
-1
Let r(o) be the first derivative of o**4/12 - 3*o**2/2 - 3*o + 264. Let w(f) be the first derivative of r(f). Let a = -12 - -8. Calculate w(a).
13
Let k(x) = -x**2 + 9*x - 11. Let h(v) = -v - 10. Let w be h(-13). Suppose 4*o - 36 = -g, -w = -2*g + 5. Give k(o).
-3
Suppose 71*q - 69*q - 4 = 0. Let p(a) = 23*a**2 - 13*a**2 - a**3 + 1 - 11*a**q. Let g(o) = 6*o**3 - o**2 - 4*o - 14. Let y(n) = -g(n) - 5*p(n). Calculate y(7).
-12
Let h(l) be the third derivative of l**6/120 + l**5/60 - l**4/24 + 2*l**3/3 + l**2. Let z = -15663 - -15663. Calculate h(z).
4
Let u(b) = 11*b - 1 + 10*b**2 + 17*b**2 + 2 + 19*b - b**3 - 14*b**2. Calculate u(15).
1
Let a(s) = 6*s**2 + 7*s - 5. Suppose 0 = 132*v - 131*v + 2, -10 = 4*i - 3*v. Determine a(i).
63
Let t(y) = y**2 - 5. Suppose 0*s = 3*s - 5*r - 2, 4*s + 4 = 5*r. Let h(x) = x - 1. Let p(q) = s*h(q) + t(q). Calculate p(5).
-4
Let z(m) = 6*m + 32. Let v be z(-5). Let w(j) = 2*j - 67*j**2 + 3 - 2 + 66*j**2. Calculate w(v).
1
Let a(s) = -s**2 - 10*s - 8. Suppose 0 = -y - r + 9 - 2, r - 1 = 0. Let p be 5 - (-5)/(-1) - y. Determine a(p).
16
Let o be -5 + 2 + 2 - (-27)/(-1). Let u be (-8)/o + (-90)/21. Let t(c) = c**3 + 3*c**2 - 4*c - 1. What is t(u)?
-1
Suppose 12*l + 9*l = 399. Suppose -l*n - 20 = -15*n + 4*s, 0 = -n - 4*s - 11. Let i(a) = a + 4. Determine i(n).
1
Let m(f) = 42*f - 88. Let w(v) = -124*v + 249. Let c(j) = -17*m(j) - 6*w(j). Give c(-1).
-28
Let s(h) = -h - 8. Let g = -214 + 217. Suppose 7*w - 2*w - 15 = 0. Suppose -2*p - 4 = -w*x - 16, 0 = p + g*x - 6. Determine s(p).
-14
Let c(h) = 4*h**2 + 124*h - 26. Let w(b) = 15*b**2 - 479*b - 63. Let u be w(32). What is c(u)?
-26
Let d(h) be the second derivative of 1/720*h**6 + 11/120*h**5 + 0*h**3 + 0*h**2 + 0 + 4/3*h**4 - 15*h. Let b(k) be the third derivative of d(k). Give b(-6).
5
Let f(k) be the third derivative of -1/120*k**6 - 127 - 1/8*k**4 + 1/15*k**5 + 5/6*k**3 + k**2 + 0*k. Determine f(4).
-7
Let d(j) = -91*j**2 + 45*j**2 - 56 + 59 + 45*j**2 + 13*j. What is d(13)?
3
Let z(p) = 18*p**3 - 4 + 8*p**3 + 2*p**2 - 35*p**3 + 2 - p**2. Calculate z(-1).
8
Let g(z) = 22*z**3 + 15*z**2 - 14*z - 78. Let k(d) = -35*d**3 - 23*d**2 + 21*d + 118. Let r(q) = -8*g(q) - 5*k(q). What is r(-5)?
-1
Suppose -x = -3*u + 21, -3*u + 34 + 5 = 5*x. Let b(t) = u - 13*t**2 + 15*t - 12 + 12 - t**3. What is b(-14)?
-6
Let h be ((-35)/3 - ((-80)/30 + 2)) + 6. Let s(q) = q**3 + 8*q**2 + 9*q - 5. Determine s(h).
25
Let u = -14313 + 14315. Let q(f) = -7*f - 3*f**2 + f**2 + 11 + 6*f**2. Let y(j) = 2*j**2 - 4*j + 6. Let d(z) = 6*q(z) - 11*y(z). Calculate d(u).
12
Let f = 2299 + -2305. Let y(l) = l**3 + 4*l**2 - 11*l + 7. Give y(f).
1
Suppose 0 = 15*n - 41 - 4. Let i be (4 - n)*(11 + -12). Let o(g) be the third derivative of g**6/120 + g**5/60 - g**3/6 - g**2. Give o(i).
-1
Let c be 1/((-15)/(-36)) - (-10)/(-25). Let s(r) = -22 + 20 - 7 + 8*r - r**